of 248945?
5
What is the ten thousands digit of 88619?
8
What is the ten thousands digit of 45237?
4
What is the tens digit of 73578?
7
What is the ten thousands digit of 60872?
6
What is the thousands digit of 323094?
3
What is the thousands digit of 946203?
6
What is the units digit of 82045?
5
What is the hundreds digit of 23182085?
0
What is the hundred thousands digit of 745950?
7
What is the tens digit of 5801405?
0
What is the tens digit of 19830067?
6
What is the hundred thousands digit of 3239963?
2
What is the hundreds digit of 573985?
9
What is the millions digit of 2244596?
2
What is the thousands digit of 19722941?
2
What is the tens digit of 376237?
3
What is the tens digit of 10250766?
6
What is the ten thousands digit of 1199505?
9
What is the tens digit of 1839113?
1
What is the hundreds digit of 11828094?
0
What is the tens digit of 219002?
0
What is the tens digit of 182539?
3
What is the hundreds digit of 15281065?
0
What is the units digit of 17979818?
8
What is the ten millions digit of 15659318?
1
What is the hundred thousands digit of 492966?
4
What is the hundreds digit of 5127804?
8
What is the thousands digit of 1272472?
2
What is the hundred thousands digit of 1339100?
3
What is the hundred thousands digit of 312566?
3
What is the thousands digit of 1283174?
3
What is the hundreds digit of 206849?
8
What is the units digit of 291808?
8
What is the hundreds digit of 456179?
1
What is the hundreds digit of 134043?
0
What is the thousands digit of 788999?
8
What is the thousands digit of 32390087?
0
What is the millions digit of 1095564?
1
What is the tens digit of 1806855?
5
What is the thousands digit of 9182794?
2
What is the millions digit of 2118110?
2
What is the tens digit of 5775771?
7
What is the thousands digit of 1697431?
7
What is the hundred thousands digit of 4936531?
9
What is the hundreds digit of 2372284?
2
What is the hundreds digit of 11026750?
7
What is the thousands digit of 1134425?
4
What is the millions digit of 2481011?
2
What is the millions digit of 16617389?
6
What is the ten thousands digit of 5245955?
4
What is the ten thousands digit of 187272?
8
What is the hundreds digit of 5623419?
4
What is the tens digit of 82752?
5
What is the tens digit of 44236?
3
What is the hundreds digit of 415127?
1
What is the tens digit of 1788968?
6
What is the hundreds digit of 13213658?
6
What is the hundreds digit of 2850129?
1
What is the units digit of 857468?
8
What is the units digit of 1851089?
9
What is the tens digit of 139745?
4
What is the ten thousands digit of 2492433?
9
What is the hundreds digit of 463879?
8
What is the tens digit of 6946684?
8
What is the ten thousands digit of 9909144?
0
What is the tens digit of 6467563?
6
What is the millions digit of 33863362?
3
What is the hundred thousands digit of 22168881?
1
What is the thousands digit of 398475?
8
What is the millions digit of 8905409?
8
What is the hundreds digit of 21005325?
3
What is the tens digit of 138778?
7
What is the ten thousands digit of 6453977?
5
What is the millions digit of 4556532?
4
What is the thousands digit of 505538?
5
What is the hundred thousands digit of 317671?
3
What is the ten thousands digit of 287656?
8
What is the ten thousands digit of 5550547?
5
What is the units digit of 2421204?
4
What is the hundreds digit of 1316836?
8
What is the thousands digit of 15763375?
3
What is the hundreds digit of 2336179?
1
What is the hundreds digit of 767146?
1
What is the hundreds digit of 412049?
0
What is the hundred thousands digit of 2976886?
9
What is the millions digit of 3603371?
3
What is the hundreds digit of 6973977?
9
What is the hundreds digit of 4747173?
1
What is the units digit of 4697702?
2
What is the thousands digit of 574419?
4
What is the units digit of 7914?
4
What is the thousands digit of 884267?
4
What is the thousands digit of 696553?
6
What is the thousands digit of 503026?
3
What is the hundreds digit of 867359?
3
What is the hundred thousands digit of 1112243?
1
What is the hundreds digit of 561855?
8
What is the millions digit of 1854642?
1
What is the tens digit of 22161331?
3
What is the hundreds digit of 12395480?
4
What is the ten thousands digit of 538395?
3
What is the tens digit of 110652?
5
What is the hundreds digit of 13913351?
3
What is the thousands digit of 2610211?
0
What is the tens digit of 1154682?
8
What is the units digit of 168702?
2
What is the ten thousands digit of 9802640?
0
What is the units digit of 62485?
5
What is the millions digit of 2835450?
2
What is the thousands digit of 8344927?
4
What is the ten thousands digit of 785724?
8
What is the ten thousands digit of 1291242?
9
What is the hundreds digit of 487771?
7
What is the units digit of 5923?
3
What is the tens digit of 2050468?
6
What is the hundred thousands digit of 18454050?
4
What is the tens digit of 2908807?
0
What is the ten millions digit of 12004929?
1
What is the ten thousands digit of 234596?
3
What is the ten thousands digit of 2596849?
9
What is the units digit of 45601?
1
What is the hundreds digit of 7698478?
4
What is the units digit of 683227?
7
What is the ten thousands digit of 15853055?
5
What is the hundred thousands digit of 2862851?
8
What is the units digit of 600876?
6
What is the units digit of 171622?
2
What is the hundred thousands digit of 4800351?
8
What is the ten thousands digit of 6565007?
6
What is the millions digit of 6027084?
6
What is the units digit of 9127307?
7
What is the thousands digit of 2046748?
6
What is the ten thousands digit of 22995?
2
What is the ten thousands digit of 45271?
4
What is the hundreds digit of 796399?
3
What is the units digit of 1359183?
3
What is the ten thousands digit of 10305844?
0
What is the units digit of 111932?
2
What is the ten thousands digit of 11151380?
5
What is the tens digit of 6834516?
1
What is the hundred thousands digit of 25611460?
6
What is the hundred thousands digit of 27031697?
0
What is the millions digit of 4560918?
4
What is the hundred thousands digit of 189619?
1
What is the tens digit of 72014?
1
What is the hundreds digit of 15052388?
3
What is the hundreds digit of 4753149?
1
What is the units digit of 217271?
1
What is the thousands digit of 3150986?
0
What is the units digit of 10222229?
9
What is the tens digit of 1541554?
5
What is the tens digit of 1326893?
9
What is the ten millions digit of 29830261?
2
What is the units digit of 303057?
7
What is the thousands digit of 14197617?
7
What is the hundreds digit of 608095?
0
What is the hundred thousands digit of 22498456?
4
What is the tens digit of 8800?
0
What is the hundred thousands digit of 152209?
1
What is the tens digit of 50032?
3
What is the hundreds digit of 2068151?
1
What is the tens digit of 3844846?
4
What is the hundred thousands digit of 33544626?
5
What is the units digit of 8569987?
7
What is the hundred thousands digit of 20823233?
8
What is the tens digit of 2585172?
7
What is the hundreds digit of 296678?
6
What is the ten thousands digit of 1371753?
7
What is the tens digit of 2242478?
7
What is the millions digit of 9359715?
9
What is the tens digit of 622436?
3
What is the units digit of 8152491?
1
What is the ten thousands digit of 1181735?
8
What is the thousands digit of 154025?
4
What is the millions digit of 4989542?
4
What is the ten thousands digit of 122417?
2
What is the hundred thousands digit of 790966?
7
What is the thousands digit of 711752?
1
What is the ten thousands digit of 84425?
8
What is the hundreds digit of 992758?
7
What is the millions digit of 8014183?
8
What is the tens digit of 5448958?
5
What is the units digit of 78730?
0
What is the millions digit of 12445160?
2
What is the tens digit of 6497053?
5
What is the units digit of 8562444?
4
What is the units digit of 1342330?
0
What is the units digit of 286311?
1
What is the tens digit of 10192887?
8
What is the thousands digit of 2779242?
9
What is the millions digit of 20849407?
0
What is the units digit of 40019?
9
What is the units digit of 2033395?
5
What is the tens digit of 709506?
0
What is the hundreds digit of 189485?
4
What is the thousands digit of 1763295?
3
What is the hundred thousands digit of 10543992?
5
What is the units digit of